 of 23045?
False
Does 383 divide 5616695?
True
Is 17401 even?
False
Is 4 a factor of 49672?
True
Is 42041 a multiple of 162?
False
Does 180 divide 1570320?
True
Does 6 divide 44466?
True
Is 578565 a multiple of 115?
True
Does 26 divide 94133?
False
Does 80 divide 65040?
True
Does 260 divide 243502?
False
Is 193342 a multiple of 79?
False
Is 37 a factor of 167425?
True
Is 216986 a multiple of 14?
True
Is 68333 a multiple of 32?
False
Does 475 divide 82175?
True
Does 175 divide 225113?
False
Is 73320 a multiple of 312?
True
Is 16717 a multiple of 25?
False
Is 103532 a multiple of 143?
True
Is 48 a factor of 8797920?
True
Does 116 divide 924520?
True
Is 24 a factor of 8395931?
False
Is 541 a factor of 783368?
True
Is 18972 a multiple of 306?
True
Is 7 a factor of 13664?
True
Is 23 a factor of 256335?
True
Is 304848 a multiple of 261?
True
Is 98245 a multiple of 7?
True
Is 15593750 a multiple of 159?
False
Does 74 divide 68213?
False
Is 144 a factor of 69984?
True
Is 1384 a factor of 12413983?
False
Is 745844 a multiple of 134?
True
Does 538 divide 16612797?
False
Is 57 a factor of 62244?
True
Is 18 a factor of 19242?
True
Is 1675907 a multiple of 39?
False
Is 1073920 a multiple of 16?
True
Is 115344 a multiple of 324?
True
Does 7 divide 11487?
True
Is 193 a factor of 762884?
False
Is 9 a factor of 107179?
False
Does 794 divide 1807781?
False
Is 1210530 a multiple of 10?
True
Is 20 a factor of 1560?
True
Is 1162075 a multiple of 75?
False
Does 58 divide 137337?
False
Is 107559 a multiple of 121?
False
Does 452 divide 6056800?
True
Is 33 a multiple of 30?
False
Is 263125 a multiple of 5?
True
Does 229 divide 636162?
True
Is 12066720 a multiple of 120?
True
Is 7162358 a multiple of 48?
False
Is 1336230 a multiple of 210?
True
Is 134711 a multiple of 8?
False
Does 51 divide 47530?
False
Is 2085048 a multiple of 18?
True
Does 33 divide 93720?
True
Does 74 divide 21301936?
True
Is 15 a factor of 15810?
True
Is 12 a factor of 24950?
False
Is 18 a factor of 142252?
False
Is 9 a factor of 98685?
True
Is 11 a factor of 17655?
True
Does 2 divide 107552?
True
Does 242 divide 115676?
True
Does 3 divide 60108?
True
Is 203 a factor of 5857375?
False
Does 40 divide 3768864?
False
Does 3 divide 1485639?
True
Is 586014 a multiple of 24?
False
Is 2 a factor of 2642166?
True
Is 83 a factor of 3901722?
False
Is 810446 a multiple of 854?
True
Is 821 a factor of 940045?
True
Is 272 a factor of 195024?
True
Is 238 a factor of 19371?
False
Does 30 divide 385636?
False
Is 33 a factor of 104445?
True
Is 7 a factor of 7738577?
True
Is 6348606 a multiple of 3?
True
Does 11 divide 2046341?
True
Does 58 divide 17126?
False
Is 19855 a multiple of 55?
True
Is 11 a factor of 3644069?
True
Does 23 divide 378199?
False
Is 18660609 a multiple of 522?
False
Is 53430 a multiple of 78?
True
Does 9 divide 408384?
True
Does 34 divide 3779613?
False
Is 14 a factor of 433344?
False
Is 235 a factor of 549619?
False
Does 13 divide 316221?
False
Does 194 divide 170211?
False
Is 341 a factor of 304435?
False
Is 3152280 a multiple of 241?
True
Is 80340 a multiple of 26?
True
Is 35 a factor of 9624895?
True
Does 78 divide 60684?
True
Is 229 a factor of 6379253?
True
Is 151106 a multiple of 214?
False
Is 17 a factor of 81390?
False
Does 28 divide 9618?
False
Does 36 divide 205704?
True
Is 25036355 a multiple of 1095?
False
Does 6 divide 48538?
False
Is 18 a factor of 116295?
False
Does 8 divide 1659840?
True
Is 16 a factor of 21513?
False
Is 14 a factor of 342304?
False
Is 76734 a multiple of 29?
True
Is 196608 a multiple of 2?
True
Is 13 a factor of 332787?
True
Is 6 a factor of 98006?
False
Is 133 a factor of 7914298?
True
Is 26 a factor of 96477?
False
Is 19 a factor of 24833?
True
Is 3 a factor of 29439?
True
Is 226547 a multiple of 12?
False
Is 5 a factor of 526883?
False
Is 62 a factor of 207452?
True
Is 18 a factor of 968763?
False
Is 1846450 a multiple of 5?
True
Does 10 divide 1483380?
True
Is 855770 a multiple of 35?
False
Does 30 divide 331048?
False
Does 10 divide 181270?
True
Is 19 a factor of 4912723?
False
Is 2 a factor of 1631709?
False
Is 73036 a multiple of 32?
False
Does 109 divide 273935?
False
Is 30 a factor of 149250?
True
Is 68 a factor of 10947864?
True
Does 90 divide 161100?
True
Is 128922 a multiple of 11?
False
Is 9 a factor of 97053?
False
Is 230032 a multiple of 11?
True
Is 1251560 a multiple of 536?
True
Is 260 a factor of 307679?
False
Is 2741583 a multiple of 109?
False
Is 4847700 a multiple of 15?
True
Is 4475628 a multiple of 116?
True
Is 8 a factor of 1930539?
False
Is 106 a factor of 7385868?
True
Is 339988 a multiple of 35?
False
Is 957223 a multiple of 3?
False
Is 144480 a multiple of 73?
False
Is 30912 even?
True
Does 204 divide 738684?
True
Is 26 a factor of 1657396?
True
Is 9161776 a multiple of 26?
True
Is 14 a factor of 1749444?
False
Is 62499 a multiple of 139?
False
Is 58144 a multiple of 184?
True
Does 255 divide 296629?
False
Does 232 divide 1158626?
False
Does 37 divide 2080436?
True
Is 92540 a multiple of 11?
False
Does 1311 divide 27140215?
False
Does 701 divide 1167459?
False
Does 19 divide 1205226?
False
Is 1348893 a multiple of 117?
True
Is 40 a factor of 1633236?
False
Does 14 divide 193620?
True
Is 12 a factor of 837983?
False
Is 4 a factor of 20856?
True
Is 18 a factor of 2679732?
True
Is 41 a factor of 2027368?
True
Is 18 a factor of 6535080?
True
Is 43 a factor of 61649?
False
Is 17 a factor of 110890?
False
Is 76 a factor of 22203324?
True
Does 128 divide 1541550?
False
Does 38 divide 2058391?
False
Is 2 a factor of 37992?
True
Does 10 divide 145224?
False
Does 30 divide 73830?
True
Is 14 a factor of 27784?
False
Is 17 a factor of 2930120?
True
Is 10064351 a multiple of 287?
False
Is 701360 a multiple of 44?
True
Is 461376 a multiple of 143?
False
Is 624273 a multiple of 39?
True
Does 16 divide 29093?
False
Does 1035 divide 1377372?
False
Does 53 divide 37842?
True
Is 554 a factor of 116346?
False
Does 10 divide 440840?
True
Is 603 a factor of 2740635?
True
Is 1354831 a multiple of 7?
False
Does 916 divide 4178033?
False
Is 155965 a multiple of 32?
False
Is 86525 a multiple of 25?
True
Is 1120230 a multiple of 10?
True
Is 66016 a multiple of 275?
False
Is 863 a factor of 17761579?
False
Is 30816 a multiple of 96?
True
Does 190 divide 1624598?
False
Is 120 a factor of 31920?
True
Is 152676 a multiple of 9?
True
Does 346 divide 5595512?
True
Is 47368 a multiple of 62?
True
Is 22 a factor of 493406?
False
Does 17 divide 528071?
True
Is 16 a factor of 65968?
True
Is 29 a factor of 46864?
True
Is 1364880 a multiple of 141?
True
Is 54 a factor of 76078?
False
Is 137 a factor of 24292429?
True
Is 9 a factor of 22599?
True
Is 364236 a multiple of 5?
False
Is 16 a factor of 187200?
True
Is 24 a factor of 599328?
True
Is 62736 a multiple of 24?
True
Is 21000 a multiple of 21?
True
Does 7 divide 3206?
True
Is 1252972 a multiple of 28?
True
Is 596417 a multiple of 16?
False
Is 1722380 a multiple of 55?
True
Is 99830 a multiple of 67?
True
Is 2278600 a multiple of 496?
False
Is 274650 a multiple of 5?
True
Does 40 divide 367680?
True
Is 28 a factor of 1301608?
True
Is 152028 a multiple of 6?
True
Is 361572 a multiple of 238?
False
Does 3 divide 120332?
False
Is 222 a factor of 45954?
True
Does 361 divide 136097?
True
Does 241 divide 8530752?
False
Does 172 divide 7811523?
False
Does 65 divide 6579880?
False
Is 80 a factor of 853872?
False
Is 30 a factor of 463320?
True
Is 497 a factor of 1200336?
False
Is 5147905 a multiple of 139?
False
Is 7 a factor of 210298?
False
Is 29 a factor of 87840?
False
Does 7 divide 496970?
False
Is 111170 a multiple of 26?
False
Is 11 a factor of 611336?
True
Does 68 divide 69360?
True
Does 78 divide 7327574?
False
Does 301 divide 926779?
True
Is 20855051 a multiple of 80?
False
Is 1173020 a multiple of 20?
True
Is 191360 a multiple of 299?
True
Does 15 divide 218175?
True
Is 1364 a factor of 4246132?
True
Is 1497 a multiple of 25?
False
Does 82 divide 112012?
True
Does 20 divide 58637?
False
Is 1418878 a multiple of 354?
False
Does 278 divide 109439?
False
Is 11 a factor of 4519871?
False
Does 32 divide 488446?
False
Is 25 a factor of 1401050?
True
Is 182680 even?
True
Is 220524 a multiple of 204?
True
Is 83 a fact